 be f(4). Determine h(b).
0
Let r(y) = -18*y - 34. Let q(l) = -10*l - 17. Let w(k) = 11*q(k) - 6*r(k). Determine w(13).
-9
Let d be ((-2)/(-16) - 40/(-192))*3. Let g(h) = 0*h**2 + 2*h - 2*h - 3*h**2. Calculate g(d).
-3
Let l = -728 - -730. Let m(o) = -3*o**2 + 2*o - 2. Calculate m(l).
-10
Let s(l) = l - 2. Let n(g) = 26*g + 166. Let x be n(-6). Calculate s(x).
8
Let a be (-2 + 1)/(-8 + (-441)/(-54)). Let l(i) = -2*i**3 - 13*i**2 - 5*i - 1. Give l(a).
-7
Let v(f) = -11*f**2 + 5*f + 5. Let i(l) = l**3 + 30*l**2 + 31*l + 56. Let n be i(-29). Give v(n).
-49
Let k(g) = -g + 1. Let i(o) = -2*o - 4. Let z(n) = -i(n) - 4*k(n). Let t = 9 - 2. Suppose -t = 3*c - 4. Determine z(c).
-6
Let p(u) = -28*u. Let k(t) = 9*t. Let o(x) = 5*k(x) + 2*p(x). What is o(-1)?
11
Let t(h) = -h - 1. Let p(o) = 8*o**3 + 2*o**2 - 3*o + 1. Let c be p(2). Suppose 3*n - c = 5*w, -3*w + 0*w + 2*n - 41 = 0. Let l = w - -9. Determine t(l).
1
Let d(p) = -966*p + 328*p + 326*p - 19 - 2*p**2 + p**2 + 324*p. Give d(8).
13
Let i(v) = v**3 + v**2 + 3*v + 2. Let q(x) = 3*x**3 + x**2 - 3*x - 3. Let w be q(-2). Let s = 15 + w. Calculate i(s).
-8
Let s(j) be the first derivative of -3*j**5/40 - 2*j**3/3 + 17. Let q(k) be the third derivative of s(k). What is q(-1)?
9
Let v(z) = z + 8. Let l = 180 + -185. Calculate v(l).
3
Let o(x) = -19*x**3 - 7*x**2 - 6*x + 14. Let z(r) = 18*r**3 + 6*r**2 + 5*r - 12. Let p(i) = -6*o(i) - 7*z(i). Give p(-1).
11
Let h(q) = q**2 - 17*q + 2. Let a be 160/32 + (1 - (-1 + -10)). Give h(a).
2
Suppose -5*f + 3*f = -4*f. Suppose f = c + 3*c + 28. Let v(z) = -z**2 - 7*z + 8. Determine v(c).
8
Let n(h) = 2*h + h - 16*h + 1 + 3*h. Determine n(2).
-19
Let a(k) = -3*k - 17. Let s(q) = -11*q + 2. Let g(t) = -9*t + 3. Let m(x) = -6*g(x) + 5*s(x). Let o(n) = 2*a(n) - 5*m(n). Determine o(7).
-1
Suppose 42*q = -60 - 108. Let c(r) be the first derivative of -r**4/4 - 4*r**3/3 - r**2/2 + 2*r - 2. Determine c(q).
6
Let l be 9 + 3 + -5 - 9. Let b(a) = 11*a - a + 3*a - 2*a. Calculate b(l).
-22
Let v = 16 + -10. Let w(n) be the second derivative of 0 + n**3 + 4*n - 1/12*n**4 - 7/2*n**2. Determine w(v).
-7
Let g(m) = 68*m - 48. Let u(b) = 14*b - 10. Let l(c) = -5*g(c) + 24*u(c). What is l(-4)?
16
Let w(x) = x + 7*x**2 - 3*x - 5*x**2 + 4*x**2 + x**3 - 12. Determine w(-6).
0
Let l(r) be the first derivative of r**4/4 - 5*r**3/3 - r**2/2 + 19*r - 84. What is l(4)?
-1
Let b(l) = l. Let s(y) = -8*y + 9. Let i(g) = -6*b(g) - s(g). Give i(10).
11
Let m(c) = -c**3 + 7*c**2 + c - 6. Let i be 3/6 - (-301)/14. Suppose i + 27 = 7*x. Give m(x).
1
Let s be 25 + -4 + 7 + -4. Let d(n) = -14*n - 18*n + s*n. Suppose -2*p + 3 = p. Give d(p).
-8
Let h(t) = -t**3 + 6*t**2 - 3*t - 7. Let c = 20 - 12. Suppose -5*b = z - 7, -b - z + 0*z = 1. Suppose -b*x = f + 1 - c, 2*x = 5*f + 25. Determine h(x).
3
Let h be ((-4)/6)/(12/(-72)). Suppose 20 = -0*a + h*a, 0 = i + 2*a - 10. Let b(r) = r**2 - r + 2. What is b(i)?
2
Let o = 17 - -3. Suppose -4*r + o = -8. Let a(z) = 3 + 15 - r - z. What is a(5)?
6
Let g(i) be the first derivative of -1 - 7*i + 1/2*i**2. Give g(-6).
-13
Let q(v) = 7*v**3 - v**2 + 4*v + 12. Let t(m) = -6*m**3 - 4*m - 11. Let n(w) = -5*q(w) - 6*t(w). Calculate n(-5).
-14
Let s(z) = -z**3 + 5*z**2 + 8*z - 5. Let a(g) = g**3 - 5*g**2 - 7*g + 4. Let j(u) = 7*a(u) + 6*s(u). Give j(5).
-7
Let z be 8/(-2) + 5 + 6/(-2). Let v be z*(12/(-3))/2. Let y(r) be the second derivative of -r**4/12 + r**3 - 2*r**2 + r. Determine y(v).
4
Let r = -39 + 46. Let g(s) = -s**3 + 8*s**2 - 6*s - 4. Calculate g(r).
3
Let t(s) = -s**3 + 9*s**2 - 16*s - 6. Suppose -77 = 18*p - 29*p. Give t(p).
-20
Suppose -97*q = -81*q - 32. Let c(d) = 3*d**2 - 3*d + 0*d + 2 - d**2. Determine c(q).
4
Suppose 7 = 3*l - 2. Let m(n) = 7*n**2 - n + 8. Let a(f) = 5*f**2 + 5. Let h(q) = 4*a(q) - 3*m(q). Determine h(l).
-4
Let b(d) = 4*d**2 + 2*d + 2. Suppose -2*n = -4*n + 260. Let q = n + -132. Determine b(q).
14
Suppose -148 = 69*l - 10. Let v(r) = -r**3 - 3*r**2 - 4*r - 3. Give v(l).
1
Suppose 10 = -a + 3*a. Suppose -4*s + 5*s - a*v = -26, -s = v + 2. Let x(j) = -j**2 - 8*j - 8. What is x(s)?
4
Let y(g) = g**3 - g**2 - 3*g + 3. Let p(m) = -m**2 + 27*m + 92. Let r be p(-3). What is y(r)?
1
Let a(w) = -2*w**2 - w - 1. Let x(p) = 2*p**3 - 6*p**2 + 2*p - 8. Let c be x(5). Let k = c + -103. Determine a(k).
-2
Let o(v) be the first derivative of v**2/2 + 3*v - 1. Let k(s) = -5*s + 15. Suppose 3*z - c - 8 = 0, -2*z + z - c = -8. Let x be k(z). Calculate o(x).
-2
Let w(o) be the first derivative of -3*o**2 - 2*o + 196. What is w(-1)?
4
Let n(g) = -224*g**2 - 224*g**2 + 449*g**2 - 4*g. What is n(3)?
-3
Let l = 1589 + -1589. Let q(w) be the second derivative of 5*w + 5/2*w**3 + l + 1/2*w**2. Give q(-1).
-14
Let h(t) = -2*t**2 - 1. Let c(g) be the first derivative of 11/3*g**3 + 14*g + 4 - 1/4*g**4 + 11/2*g**2. Let b be c(12). Give h(b).
-9
Let w(s) = -s**3 - 3*s**2 - s + 1. Let z(y) be the third derivative of -y**4/6 + 5*y**3/3 + 38*y**2. Let q be z(3). What is w(q)?
-1
Let u = 8 + -19. Let k = u + 7. Let r(l) = l**3 + 4*l**2 - 5. Determine r(k).
-5
Suppose 70*u = 69*u. Let h(i) = -2*i + 12. Determine h(u).
12
Let w(u) = -u**3 - 4*u**2 - u - 3. Let v(t) = t**2 - 9. Let x = -7 - -7. Let a be v(x). Let f(q) = -q**2 - 10*q - 13. Let n be f(a). What is w(n)?
1
Let t(k) be the third derivative of -k**5/120 + k**4/8 - 3*k**3 - 18*k**2. Let n(q) be the first derivative of t(q). What is n(-6)?
9
Let o(g) be the first derivative of -18*g**2 + 3 - 7 + 14*g**2 + g. Let x(k) = -k. Let v(p) = o(p) - 3*x(p). Calculate v(2).
-9
Let y(q) = -q**3 - 5*q**2 - 4*q - 3. Let l be ((-35)/15)/((-3)/432). Let z be (2/6)/(8/l). Suppose d - z = 3*r, -3 = -3*d + 3. What is y(r)?
-3
Let o(v) = -6 + 4*v**3 - 6*v**2 + v**2 + 3*v**3 - 8*v**3 + 2*v**3 + 5*v. Suppose 4*l - 2*l = 0. Suppose -3*u + 12 = -l*u. Determine o(u).
-2
Let o(b) be the first derivative of b**4/4 + 4*b**3/3 + b**2 + 202. What is o(-2)?
4
Let r = 23 - 21. Suppose r*k = 4*l + 16, 5*l + 19 = -2*k + 2*l. Let h(m) = 6*m. Let i(z) = -5*z. Let d(f) = 4*h(f) + 5*i(f). Give d(k).
2
Suppose 6 = -f + 20. Let n(y) = -4*y + 8*y**2 - f*y**2 + 7 + 7*y**2. Determine n(5).
12
Let f(c) = c**3 - 399*c + 1 - 8*c**2 + 812*c - 405*c. Let u(s) = -2*s - 1. Let r be u(-4). What is f(r)?
8
Let t(m) be the third derivative of m**5/60 + m**4/24 - m**3/3 - 3*m**2 - 2. Give t(2).
4
Let g(a) = 22*a**3 - 2*a**2 + 1. Let z be (-50)/8 - (-6)/(-8) - -8. Give g(z).
21
Let p(y) = -y**3 - 8*y**2 + 20*y - 3. Let v be p(-10). Let q(b) = -b**2 - 2*b + 4. What is q(v)?
1
Let i be 1 + 10/(-14) - (-40)/7. Suppose -12 = -2*a + i*a. Let r(q) = q**2 + q + 2. What is r(a)?
8
Let f(q) = -q**2 + 31*q - 50. Let v be f(29). Let b(u) = -u**3 + 8*u**2 + u - 5. What is b(v)?
3
Let g(r) = -9*r. Let u be 5 + -8 + 1 + 10. Determine g(u).
-72
Let k(j) = j**2 + 4*j - 3. Let y(w) = -5*w + 3. Let p(u) = -4*k(u) - 3*y(u). Let d(h) be the first derivative of p(h). What is d(1)?
-9
Suppose -2*n + 0*n + 24 = 0. Let t(s) = -n*s + 6 + 13*s - 4. Give t(-4).
-2
Let m(c) be the first derivative of c**3/3 + 3*c**2/2 + 4*c - 2617. Suppose 5*i + 9 = -6. Determine m(i).
4
Let s(b) = b**3 + 8*b**2 + 7*b. Let z be s(-7). Suppose -2*j - 2*j + 48 = z. Let c be 2/(-6) + 76/j. Let q(v) = v**3 - 7*v**2 + 7*v + 3. Determine q(c).
9
Let x(z) = 5*z**3 + 6*z**2 + 8*z + 9. Let t(p) = 14*p**3 + 17*p**2 + 22*p + 25. Let r(h) = 4*t(h) - 11*x(h). What is r(-2)?
1
Let s(y) = -y**3 - 5*y**2 - 7*y + 8. Let i(d) = 4*d**3 + 19*d**2 + 29*d - 33. Let m(l) = -2*i(l) - 9*s(l). Let g = -4 - 2. Calculate m(g).
0
Suppose 2*p - 5*p = -90. Let z = -33 + p. Let l(n) be the first derivative of -n**4/4 - 5*n**3/3 - 2*n**2 - 2*n + 1. Calculate l(z).
-8
Let a(m) = -9*m**2 - m - 6. Let q = 16 + -12. Suppose 0 = 5*c - q - 26. Let i(f) = -26*f**2 - 3*f - 17. Let d(s) = c*i(s) - 17*a(s). Determine d(1).
-4
Let p(v) = -7*v**3 + 40*v**2 + 45*v**2 + 2 - 3 - 122*v**2 + 39*v**2. Determine p(1).
-6
Let z(h) be the first derivative of -h**2 + h - 11. Let p(v) = 4 - 3 + 0*v - 3*v + 1. Let m(j) = 5*p(j) - 8*z(j). Calculate m(5).
7
Let w(t) = 2*t**3 - 7*t**2 + 7*t - 19. Let b(u) = u**3 - u**2 + 4*u - 9. Let f(s) = 5*b(s) - 2*w(s). What is f(-8)?
9
Let g(t) = -20*t**3 - 29*t**2 + 15*t + 28. Let v(c) = 11*c**3 + 15*c**2 - 7*c - 15. 